)/(4/10). What is the hundreds digit of ((-8)/32)/((-3)/(-9336)*a)?
3
Let n be -1 + 140 - (1 - 2). Suppose -41*x + 77*x - 785 = -121*x. Suppose 5 = -2*j - 3*j, -5*t - x*j + n = 0. What is the units digit of t?
9
Let s(x) = 2*x**3 - 6*x**2 - x - 10. Let z be s(5). Suppose -5*c - 2*t = 49, -5*t - 43 = 5*c - t. Let g = c + z. What is the tens digit of g?
7
Suppose -38 = 2*i + 5*q, -2*i - 12 = -2*q - 2. Let b(m) = -90*m - 64. What is the hundreds digit of b(i)?
7
What is the hundreds digit of ((-22)/4)/((1/(-21415))/((-32)/(-80)))?
1
Suppose 6*g - 40 = g. Let d(r) = -57 + g*r + 8 + 10 + 3*r. What is the units digit of d(9)?
0
Suppose 3*r - 14 = -4*x + 4*r, -2*x - r = -4. Suppose -265 = -2*d - x*d. Let w = d + 34. What is the units digit of w?
7
What is the tens digit of (4*11*(-2)/20)/(144/(-96840))?
5
Let r(x) = -2*x**2 + 24*x + 40. Let j be r(18). Let q = -471 - j. Let n = q - -431. What is the tens digit of n?
3
Suppose -o + 0*q = 2*q + 10, 3*o + 10 = 4*q. Let b be (584/12)/(o/(-27)). Suppose p - b = -2*p. What is the units digit of p?
3
Let s = 17730 - 7002. What is the hundreds digit of s?
7
Suppose 6*l + 24 = 2*l + 2*d, -5*d = 0. What is the units digit of 3 - (l + -4 + -343)?
6
Suppose -3*h + 13986 = -5*v + 153862, -4*v + 111893 = -5*h. What is the tens digit of v?
7
Let z be 1/5 + (-4)/30*-366. What is the hundreds digit of -3*z*(-182)/42?
6
Let p = 1759 - -5603. Suppose 0 = -97*j + 91*j + p. What is the tens digit of j?
2
Let o(w) = -w**3 + 13*w**2 - w + 7. Let q be (-3 + 2)/((-1)/13). Let h be o(q). What is the tens digit of (-248)/(-6)*(h/(-6) - -2)?
2
Suppose 0 = -3*l - 3*u - 4281, -2*l - 2910 + 48 = -2*u. Let j = l + 2119. What is the tens digit of j?
9
What is the hundreds digit of (-124434)/(-10) - 4/10 - (-3 - 0)?
4
Let x(i) = 2160*i**2 - 8*i + 2. What is the tens digit of x(2)?
2
Suppose 92*p + 14740416 = 380*p. What is the hundreds digit of p?
1
Let w = 59870 - 42190. What is the ten thousands digit of w?
1
Suppose 29*z - 12807 = 28*z. Suppose -3*u + 5840 = -2*b, 3079 = -5*u - 2*b + z. What is the units digit of u?
6
Let g(u) = 1405*u - 2698. What is the tens digit of g(11)?
5
Let v = 72 + -57. Suppose 6*k - 3*k - v = 5*y, 0 = y. Suppose 115 - 426 = -5*d + 2*b, -k*d - 4*b = -323. What is the tens digit of d?
6
Let f = 8157 - 2733. What is the units digit of f?
4
Suppose 5*n = -4 + 14, 3*l - 5*n = 22769. What is the units digit of l?
3
Suppose -13*c = -19*c + 36. Suppose 4*d - 6928 = -c*u, 3*u - 12*d + 8*d = 3458. What is the units digit of u?
4
Let r be -1 - ((-2 - 1) + -157). Let n = 249 - r. Suppose -5*p + 540 = -n. What is the units digit of p?
6
Let d(k) = 308*k**2 - k - 1. Let g be d(2). Suppose -2311 = -5*l + g. What is the tens digit of l/15 - 12/(-15)?
4
Let x = 213 + -215. What is the tens digit of (2/2)/x - (-7209)/18?
0
Let w(a) = a**3 + 20*a**2 - 2*a - 32. Let j be w(-20). Suppose 3*l - 4*u - 74 = -j*u, l + 2*u - 24 = 0. What is the tens digit of l?
2
Let c(d) be the third derivative of d**6/120 - 3*d**5/20 + 7*d**4/24 + 3*d**3/2 + 11*d**2. Let w be c(8). What is the tens digit of 32*w - (2 + -4)?
3
Suppose p + 357 = v, 0 = -2*v + 45*p - 41*p + 708. Suppose -11600 = 352*m - v*m. What is the thousands digit of m?
1
Suppose -3*y - 227*q = -223*q - 15979, 5*y + 3*q = 26650. What is the hundreds digit of y?
3
Let k(m) = 2*m**2 - 22*m - 136. What is the ten thousands digit of k(-151)?
4
Let c = -475 + 86. Let n = c + 1032. What is the tens digit of n?
4
Let a(d) = -4*d**3 - 4*d**2 - 18*d - 12. Let k(l) = 8*l**3 + 9*l**2 + 37*l + 25. Let u(q) = 5*a(q) + 2*k(q). What is the units digit of u(-5)?
0
Suppose 21081 + 3729 = 5*r - 4*u, 4*r - u = 19837. What is the tens digit of r?
5
Suppose 5*z + 3*v = 362691, 12*v - 32 = 16*v. What is the tens digit of z?
4
Suppose -8*n - 66 + 98 = 0. Suppose -5*w - 3094 = 2*h - 4*h, n*h - 6136 = -3*w. What is the units digit of h?
7
Let z = -353 + 773. Suppose 4*j - 948 = c, -2*c + 1380 = 4*j + z. What is the units digit of j?
8
Let x(k) = 7*k**2. Let g be (-11 + -1)/(-4)*(-10)/(-6). Suppose i - g = -d - i, 5*i - 14 = -2*d. What is the units digit of x(d)?
3
Suppose -84*j + 522776 = -1960195 + 712587. What is the units digit of j?
6
Let m(f) = -25*f - 45. Let z be m(8). Let t = z + 108. Let b = -76 - t. What is the tens digit of b?
6
Suppose -34*v = v + 5775. What is the tens digit of 3942/10 - (-11)/(v/(-12))?
9
Let v = 3898 - 2308. Suppose v = 3*x - 2*x - 3*p, -4780 = -3*x + 4*p. What is the thousands digit of x?
1
What is the thousands digit of ((-1)/(8 + -7))/((-11)/296989)?
6
Suppose 2*d = -4*i + 28, 5*d - 79 = -89. Suppose 2*q + f = -3*f + 378, 0 = 4*f. Suppose i*c = 259 + q. What is the tens digit of c?
5
Suppose 27*d = -96*d + 137760. What is the thousands digit of d?
1
Let k(r) = 80*r + 2667. What is the tens digit of k(96)?
4
Let k(r) = 20*r**2 + r**3 + 5*r - 12*r - 52 + 60. What is the hundreds digit of k(-8)?
8
Let i be (2 + 0)/(34/221). Suppose p - 15*h = -i*h + 666, 3*p = 5*h + 1996. What is the tens digit of p?
6
Let c be (-1365)/55 - (-4)/(-22) - -1. Let x = c - -26. Suppose -x*r + 37 = -r. What is the tens digit of r?
3
Let g(s) = -6*s - 3. Suppose m - 80 = -84. What is the units digit of g(m)?
1
Let l = 6406 + 4955. What is the hundreds digit of l?
3
Let f(i) = 30*i**2 - 5*i + 8. Suppose 4*w + 37 = 4*c - w, -c + 5*w + 28 = 0. What is the tens digit of f(c)?
6
Let w(o) = 22*o + 47. Let b(s) = -12*s - 18 + 5 - 21*s - 57. Let f(h) = -5*b(h) - 8*w(h). What is the tens digit of f(-9)?
7
Let b(t) = -18*t**2 - 234*t - 28. Let q be b(-12). Let h be (0 + 0 - 89) + 2. Let f = q + h. What is the tens digit of f?
0
Let r(c) = -2*c**3 - 6*c**2 + 5*c + 14. Let x be r(-5). Let h = 92 - x. Suppose -4*t + 2*o = -74, 3*t = h*o - 4*o + 58. What is the tens digit of t?
1
Suppose 4*p - 46 = -22. Suppose -10974 = -p*q + 7530. What is the units digit of (2/4)/(6/q)?
7
Let n(w) = 115949*w**2 + 9 + 0 + 8*w - 115780*w**2. What is the units digit of n(-2)?
9
Let i(g) be the first derivative of 3*g**2/2 - 6*g - 3. Let x be i(3). Suppose x*d + w = 258, 0 = 5*d - 6*w + 4*w - 430. What is the units digit of d?
6
Suppose 117*g - 119*g = 5*s - 29766, 0 = 2*s + 16. What is the tens digit of g?
0
Let u(s) = 65*s**2 + 84*s - 263. What is the tens digit of u(3)?
7
Suppose 34853 = -46*k + 132386 + 141943. What is the units digit of k?
6
What is the hundreds digit of ((-293056)/56)/((-21)/49)*9/2?
9
Let a be 5/(300/3312)*(-10)/(-4). Let j = a - -18. What is the tens digit of j?
5
Let m(d) = 1593*d - 565. What is the thousands digit of m(16)?
4
Suppose -28*s + 5*i = -32*s + 46680, 4*s - 46680 = 4*i. What is the ten thousands digit of s?
1
Let g = 4824 + -1239. What is the thousands digit of g?
3
Let m = 7848 - 6827. What is the units digit of m?
1
Let u(n) = n**3 + 8*n**2 - 12*n + 4. Let h be u(-9). Let t(v) = -15 + 10 + 4 - 2*v**2 + h*v. What is the tens digit of t(13)?
6
Let o = 513 + -516. What is the units digit of 7795/20 + 2*o/(-24)?
0
Suppose -2*r = -3*x + 19261, 351*x - 349*x - 12858 = -3*r. What is the hundreds digit of x?
4
Let y be (32/(4/2))/(-1). Let t be y/(234/(-57) + 4). Let h = t + -83. What is the tens digit of h?
6
Let h(o) = -10*o**3 + 4*o**2 + 69*o + 20. What is the hundreds digit of h(-13)?
7
Suppose -t = 4*n - 10073, 6*n = t + 5*n - 10058. What is the thousands digit of t?
0
Suppose 5*h - 8 = -2*y, 40*y = 36*y + 5*h + 16. Let o(j) = 126*j + 37. What is the hundreds digit of o(y)?
5
Let q(w) = w**2 - 22*w + 41. Let u = 155 + -124. What is the hundreds digit of q(u)?
3
Suppose 357593 = 7*h - 5350. What is the tens digit of (-2*(-1)/6)/(21/h)?
2
Let i be (-2)/4*16/20*-85. Let w = i + -40. What is the units digit of (-716)/w*27/18?
9
Suppose 0 = -2*g + 4*i - 60, 3*g = 3*i - 5*i - 58. Let v be (1/(-3))/((-9)/(-918)). What is the tens digit of (-3824)/g - v/187?
7
Suppose 106*l + 44*l + 180*l = 29720790. What is the tens digit of l?
6
Let b(l) = 3*l - 1. Let p(q) = -30*q + 24. Let c(k) = -2*b(k) - p(k). What is the hundreds digit of c(9)?
1
Suppose 0 = -170*y + 182650 + 184720. What is the tens digit of y?
6
What is the tens digit of (-47)/((-1316)/(-392)) + 56985?
7
Suppose 21216 = 3*x + 2*v - 19961, -4*v = 8. What is the ten thousands digit of x?
1
Suppose -2*c = 4*v - 23452, 12*v - 3*c + 117